se 0 = -2*w - f + 9, 0 = -w + f + 3 - 6. Suppose -3*x + 1302 = w*a, -5*x - 1211 = -4*a + 1437. What are the prime factors of a?
3, 73
Suppose -123 - 189 = -13*h. What are the prime factors of ((-4146)/(-9))/(h/36)?
691
Let p = -83 - -87. Suppose 2*v = -4*o + p, -o - 5*v = o + 14. Suppose 4*r - 230 = -3*t, -46 = -r - o*t + 7. List the prime factors of r.
59
List the prime factors of 32/4*((-1)/(-8) + (-35517)/(-8)).
2, 7, 43, 59
Let g(y) = -y**3 + 7*y**2 - 7*y + 3. Let u be g(6). Let j(b) = b**2 - 7. Let v be j(u). List the prime factors of ((-20)/15)/(v/(-87)).
2, 29
Let w = -2436 + 3681. Suppose 2*t = 5*z - 2054, 3*z + 12*t = 9*t + w. What are the prime factors of z?
2, 103
List the prime factors of ((-672399)/(-126))/(3/6).
13, 821
Let l = 102 - -248. Suppose n + 142 - l = 0. List the prime factors of n.
2, 13
Suppose 8234 = -19*h - 27*h. Let g = 352 + h. What are the prime factors of g?
173
Let s = 583 + -439. Suppose m - 623 = -s. What are the prime factors of m?
479
What are the prime factors of 1*285/(-6)*(7 - -1363)/(-5)?
5, 19, 137
Let c(u) = u**2 + 17*u + 75. Let h be c(-7). List the prime factors of 20/h - (5 + -8 + -705).
2, 89
Suppose -2*c + 578 = 4*p, -5*c - p + 578 = -912. What are the prime factors of c*((-108)/(-22) - 4/(-44))?
5, 13, 23
Let u(r) = -3998*r**3 - 11*r**2 - 38*r - 39. What are the prime factors of u(-2)?
3, 11, 17, 19
Let p(d) = -2*d**3 - 3*d**2 - 71*d + 55. List the prime factors of p(-13).
5, 7, 139
Suppose -3*v = 0, -9284 = -4*n + 3*v - 8*v. List the prime factors of n.
11, 211
Let v = 88 - 165. Suppose 7106 = 86*m - 462. Let f = v + m. What are the prime factors of f?
11
Suppose -5*z = 3*y + 7465, -5*y - 7*z - 12395 = -8*z. Let f = y + 4042. What are the prime factors of f?
2, 11, 71
Let c be (-1 - -1 - 1)/(1/53). Let z = -50 - c. Suppose 0 = s + 5*g - 18, 2*s + 4*g = z*g + 72. What are the prime factors of s?
2, 19
Let k(j) = 9*j - 93. Let p be k(11). Suppose p*q = 1753 - 97. What are the prime factors of q?
2, 3, 23
Let q(b) = b**3 - 2*b**2 - 4*b + 7. Let m be q(3). Let t(z) = -z**2 + 3*z + 7. Let k be t(m). Suppose 15 = -k*p + 102. What are the prime factors of p?
29
Let f(d) = 5*d + 229. Let q be f(-45). List the prime factors of (5/1 - q)/(3/45).
3, 5
Suppose -2*y = -2*r + 4, 0 = -5*r - 0*y - 4*y - 35. Let d(l) = -5*l**3 - l**2 - 10*l - 19. What are the prime factors of d(r)?
137
Let c(h) = 2*h**2 + 158*h - 88. Let o(v) = -v**2 - 79*v + 44. Let i(d) = -3*c(d) - 5*o(d). What are the prime factors of i(-22)?
2, 11, 59
Suppose 8 = 2*y + 2. Suppose 0 = -0*u - 2*u + 4*j + 330, -3*u + 486 = -y*j. Let i = u - 8. List the prime factors of i.
151
Let g(d) be the first derivative of 3*d**5/20 + d**3 + 10*d + 19. Let n(s) be the first derivative of g(s). List the prime factors of n(3).
3, 11
List the prime factors of (-1491)/(43/(-86)*(3 - 1)).
3, 7, 71
Let p(c) = -40*c**3 + 3*c**2 + 4*c + 2. Let r(u) = 5*u + 9. Let k be r(-2). What are the prime factors of p(k)?
41
Let x be 5/(-4) + (-1256500)/(-80). Suppose x = 27*h - 495. What are the prime factors of h?
2, 3, 5
Suppose r = 3*q + 1015, -2*q - 2*r - 767 = -93. Let h be 2/(-4)*q + 1. Suppose -326 = -4*x + h. List the prime factors of x.
2, 31
Let v be (-1764)/2*(-52)/78. Suppose -23*s - 4*f + v = -21*s, 5*f = 3*s - 849. List the prime factors of s.
2, 3
Let y(u) = 7*u**2 + 10*u + 4. Let l be (-6)/(3 + -1 + -4). Suppose 0 = l*w - 19 + 7. What are the prime factors of y(w)?
2, 3, 13
Suppose -3*q = -8*q - 5*l + 3055, q - 603 = l. Let a = q - 316. List the prime factors of a.
3, 97
Suppose 3*w + y - 251 = -4*y, w + 4*y = 93. Let b be 57 + -3*3/(-9). Suppose w = 3*t - b. What are the prime factors of t?
3, 5
Suppose -u - 1042 + 3377 = 0. List the prime factors of u.
5, 467
Let i(q) = 5824*q - 2476. List the prime factors of i(6).
2, 8117
Let a be 495/18*(-2)/10*-122. Let l = a - 288. List the prime factors of l.
383
Let a(k) = -8*k**2 - 54*k - 6. Let f be a(-6). Suppose 16253 = f*l + 263. What are the prime factors of l?
13, 41
Let s(w) = -119*w - 1513. What are the prime factors of s(-18)?
17, 37
Let j(w) = -4*w**2 + 55*w + 239. Let h be j(-4). Let s = -77 + 1. Let u = h - s. List the prime factors of u.
31
Suppose -111*p + 113*p + t - 19777 = 0, 5*p - 2*t - 49474 = 0. What are the prime factors of p?
2, 2473
Let u(q) = -q**3 - q**2 + q + 5. Let b be u(0). Let r be (-8)/(-8)*(b + 1 - 1). Suppose -k + 2*m + 98 = -0*m, -r*m + 505 = 5*k. What are the prime factors of k?
2, 5
Suppose 0 = 4*v - 3*v + 4*k - 5305, 4*v = 4*k + 21320. What are the prime factors of v?
3, 5, 71
Suppose -48*u - 4510 = -50*u + 4*w, 0 = 5*w + 10. Suppose 21*q - 1361 = u. What are the prime factors of q?
2, 43
Let j = -5748 - -9496. What are the prime factors of j?
2, 937
Let k(l) be the first derivative of 11/3*l**3 + 9/2*l**2 - 19 + 1/4*l**4 - 4*l. List the prime factors of k(-6).
2, 61
Suppose 0 = -2*s + 2, -3*j + s - 1 = 2*j. Suppose 6*w - 780 - 1854 = j. What are the prime factors of w?
439
Suppose 0 = 8*i - 17585 - 62639. What are the prime factors of i?
2, 23, 109
Suppose -5*f = -3917 + 13612. Let l = -966 - f. Suppose -264 + l = 5*y + a, -y = 5*a - 161. List the prime factors of y.
3, 47
Suppose 2*m = 2*u - 128, 2*u - 3*m + 35 - 161 = 0. Let l = 71 - u. Suppose l*b = 16 + 564. What are the prime factors of b?
2, 29
Let z(f) = 1781*f + 303. What are the prime factors of z(4)?
7, 1061
Suppose -2*a + 81 = 4*z + a, -66 = -3*z - 4*a. What are the prime factors of (224/24 + -2 + 2)*z?
2, 3, 7
Let x = -68 - -73. Suppose 0 = -x*r + 367 + 668. Let q = r - 122. List the prime factors of q.
5, 17
Suppose -59*w + 62*w + 48067 = 4*b, -b + 3*w + 12028 = 0. List the prime factors of b.
41, 293
Suppose 31219 = 4*o + 5*g, -3*g - 3422 - 27805 = -4*o. What are the prime factors of o?
2, 3, 1301
Let c(u) be the third derivative of -7*u**4/12 + 2*u**3 - 12*u**2. Let k be c(3). List the prime factors of (108/k + 3)/(2/(-10)).
3
Let f be (35/42)/5 - 1249/6. Let s = 353 + f. List the prime factors of s.
5, 29
Let a(f) = 3*f**2 - 13*f + 13. Let n be a(4). Suppose -5 = -5*g, 6*g - n*g = 3*m - 1974. What are the prime factors of m?
3, 73
Let k = 11902 - 5724. List the prime factors of k.
2, 3089
Let a(i) = 243*i + 640 + i**3 - i**2 - 244*i - 247. List the prime factors of a(0).
3, 131
Suppose 187*t + 112*t = 2145026. What are the prime factors of t?
2, 17, 211
Let r(w) = 60*w - 142. Let s be r(-5). What are the prime factors of -5 + 11/((-11)/s)?
19, 23
List the prime factors of (-131 - -14)/13 + 8569.
2, 5, 107
Let p be (8 + -8)/(3 - 0) - -4. List the prime factors of -2 + (2 - -162)/(2/p).
2, 163
Suppose -28*r = 17*r - 180. Let v be (1*23)/(2/20). Suppose r*d = -k + 779 + 141, -d + v = 4*k. What are the prime factors of d?
2, 5, 23
Let q = 16790 + -11777. What are the prime factors of q?
3, 557
Let y(b) = 4*b - 12*b - 11*b. Let f = 1803 - 1805. What are the prime factors of y(f)?
2, 19
Let f(l) = -377*l + 3990. What are the prime factors of f(-20)?
2, 5, 1153
Let h(c) = 11*c**2 - 6*c + 7. Suppose 113*t + 21 = 120*t. What are the prime factors of h(t)?
2, 11
Let g be 3 + -2 - (1 - (-3 + 6)). Suppose 4*a - 32 = 2*s, -g*a + 9 = 3*s - 33. Suppose a*l - 1181 - 1199 = 0. What are the prime factors of l?
2, 7, 17
Suppose -5*a - 9315 = 14*q - 19*q, 5*q = -4*a - 7470. Let y = 3198 + a. What are the prime factors of y?
31, 43
Let x be 0 + 0 - (-18 + 28) - 1. Let p(w) = -64*w - 28. What are the prime factors of p(x)?
2, 13
Let w = 903 - 1579. Let z = w - -1444. Suppose -4*r = 8*r - z. List the prime factors of r.
2
Let l be -5 + -2 - (29 + -3247). Suppose 4*x + 3*w - 4291 = 0, 8*x - 5*x - 5*w = l. List the prime factors of x.
2, 67
Let j = -2037 - -7495. What are the prime factors of j?
2, 2729
Suppose 4*a - s - 3*s = 36, -5*s - 29 = -a. Suppose 0 = -4*x - 8 - a, 1248 = i - x. List the prime factors of i.
3, 5, 83
Suppose 0 = -10*k + 205 + 145. Suppose -k = -3*x - 4*x. Suppose -4*j - 12 = 0, -j - 1066 = -x*a - 373. List the prime factors of a.
2, 3, 23
Suppose -4*h - 2 = 3*g - 18, 5*h = 5*g - 50. Let b = g - -258. List the prime factors of b.
2, 7, 19
Let w = -69 - -19. Let c = 285 + w. List the prime factors of c.
5, 47
Let d be 2*(3/(-5) + 96/10). Suppose 15*v + 69 = d*v. Suppose v*x = 17*x + 18. What are the prime facto